rt -16031554 (base 7) to base 9.
-2802654
What is -4679a (base 11) in base 16?
-107b2
What is -10223113 (base 4) in base 15?
-5a24
Convert -470468 (base 14) to base 3.
-11120000002210
Convert -b249c (base 14) to base 7.
-3434455
Convert -689cc1 (base 14) to base 8.
-15454021
Convert -2bb82 (base 14) to base 11.
-75121
-44b8d (base 15) to base 14
-5994c
Convert -33481 (base 9) to base 5.
-1203032
Convert -55607b (base 12) to base 5.
-321431203
Convert a6392 (base 12) to base 6.
4402302
What is -25264340 (base 7) in base 4?
-20231311202
What is -2570367 (base 8) in base 6?
-23211355
Convert -10101010100011110011 (base 2) to base 6.
-22550151
Convert 211212200002 (base 3) to base 15.
8d63b
What is -52a14 (base 16) in base 11?
-211314
-23950 (base 11) to base 15
-a2e9
Convert 3666a (base 11) to base 10.
52711
What is -41534050 (base 7) in base 5?
-1344120331
-66168 (base 10) to base 5
-4104133
-39390a (base 13) to base 9
-2531627
Convert 11111011000 (base 3) to base 5.
10311232
Convert 13e49b (base 15) to base 8.
3522072
What is 19c31a (base 13) in base 16?
9ff84
16d56b (base 14) to base 7
6562064
Convert 1051114204 (base 6) to base 15.
102c764
What is 204320214 (base 7) in base 15?
10d2020
What is 11100101001101100001000 (base 2) in base 14?
dd7252
363105 (base 10) to base 7
3041421
3b7bd (base 16) to base 11
157066
Convert 34313 (base 8) to base 4.
3203023
Convert 235361 (base 7) to base 9.
64538
-2667819 (base 10) to base 6
-133103003
Convert -21121321 (base 5) to base 8.
-530515
-1212331120 (base 4) to base 15
-84e4a
-74d90 (base 16) to base 2
-1110100110110010000
Convert 6c05e (base 15) to base 13.
c0968
What is -33834 (base 12) in base 5?
-4143314
What is -22932 (base 10) in base 15?
-6bdc
a4252c (base 16) to base 9
22215358
What is 10100001100001001 (base 2) in base 16?
14309
3b44a3 (base 13) to base 4
11132333033
3211e6 (base 15) to base 5
1102230231
20040050 (base 6) to base 5
121040321
Convert -100111010111110001011011 (base 2) to base 4.
-213113301123
What is -532a5b (base 13) in base 7?
-22363125
-232143413 (base 5) to base 4
-10001010313
-216767a (base 11) to base 10
-3802149
Convert -424404324 (base 5) to base 14.
-349cb1
What is a3c62 (base 13) in base 16?
47da5
Convert -2ca8a (base 14) to base 13.
-3bba3
What is 603519 (base 10) in base 16?
9357f
What is -27433 (base 13) in base 2?
-10001111000000011
What is 4604c6 (base 16) in base 6?
242204102
Convert 327317 (base 9) to base 16.
2fc2f
Convert 5313505 (base 6) to base 9.
433825
What is -1231224020 (base 5) in base 9?
-5560702
-1b7bb (base 15) to base 7
-521636
Convert 11010101110110100100111 (base 2) to base 12.
241b347
103072 (base 13) to base 7
3132655
-54220525 (base 7) to base 14
-886315
2102111122 (base 3) to base 4
23222021
Convert 145622 (base 8) to base 6.
1041134
Convert 1205277 (base 8) to base 5.
41033211
-1011001011110101100 (base 2) to base 15
-738dd
-145720 (base 9) to base 7
-522000
Convert 5abd8 (base 15) to base 7.
2314115
1033310211 (base 4) to base 13
b5a7c
502365 (base 10) to base 13
147876
2000021010211 (base 3) to base 12
436134
What is 20122120112 (base 3) in base 10?
130910
Convert -6178680 (base 10) to base 7.
-103342434
What is 325080 (base 10) in base 8?
1172730
What is -62908 (base 13) in base 14?
-48877
Convert -1020210102022 (base 3) to base 4.
-2202121001
What is 319032 (base 13) in base 2?
100011011110000001110
Convert 110111110201 (base 3) to base 14.
65928
Convert 3b440 (base 14) to base 3.
21102122111
-1000000100101010001000 (base 2) to base 4
-20010222020
152915 (base 10) to base 13
547a9
Convert -2345 (base 15) to base 9.
-11242
3042022 (base 6) to base 10
145598
Convert 1001101100001100001 (base 2) to base 16.
4d861
230503 (base 6) to base 12
b433
What is 9a5c1 (base 14) in base 7?
3116231
Convert -8d37a6 (base 15) to base 5.
-3211314411
Convert -1002511 (base 6) to base 12.
-23437
-4676320 (base 9) to base 13
-6a7b11
-6bb0 (base 16) to base 14
-a092
Convert -13112214024 (base 5) to base 8.
-75424445
What is 10012020101012 (base 3) in base 5?
413304022
What is 112211212120 (base 3) in base 9?
484776
a26051 (base 16) to base 9
22018336
Convert 35110504 (base 6) to base 14.
202624
What is -84a02 (base 13) in base 15?
-4ac13
What is -42121203 (base 5) in base 12?
-149693
-36a47 (base 11) to base 13
-1b280
What is 14044370 (base 9) in base 8?
32357127
Convert -870a93 (base 11) to base 13.
-3998bb
Convert 911106 (base 10) to base 13.
25b921
-24100425 (base 7) to base 5
-1021302304
620783 (base 9) to base 3
200200212210
Convert -1602522 (base 7) to base 11.
-13a95a
-7462487 (base 9) to base 14
-760b66
-15321001 (base 6) to base 13
-15b659
Convert -84086 (base 14) to base 5.
-40142142
What is -d10a87 (base 15) in base 3?
-200200020101001
Convert 20442304 (base 5) to base 14.
46759
1b502 (base 12) to base 10
40466
331320 (base 9) to base 15
3d930
142182 (base 9) to base 12
42362
Convert -265613 (base 7) to base 9.
-75568
What is 7355227 (base 9) in base 3?
21101212020221
-87b586 (base 12) to base 6
-114111450
-20313033 (base 5) to base 12
-8052b
-94915 (base 11) to base 7
-1113624
413302124 (base 5) to base 13
475651
What is 5315230 (base 6) in base 3?
111011101100
Convert 117570 (base 11) to base 12.
8b563
What is -34121 (base 16) in base 14?
-57a25
Convert -1002020022 (base 4) to base 5.
-32131413
Convert 211220201 (base 4) to base 7.
1211255
Convert -6012a15 (base 11) to base 6.
-1020115451
6998d4 (base 14) to base 10
3599138
Convert 20331223100 (base 4) to base 14.
452492
251003315 (base 6) to base 14
8d1819
Convert -347eb (base 15) to base 9.
-274275
-141989 (base 12) to base 2
-1010001110000111001
Convert -574751 (base 8) to base 6.
-4103001
223851 (base 9) to base 3
20210221201
Convert 8013ca (base 13) to base 9.
5531431
-1682188 (base 9) to base 8
-3453502
4b0748 (base 14) to base 2
1001110100101111001100
-527322 (base 9) to base 14
-82497
What is 764477 (base 9) in base 3?
212011112121
What is 11032103300 (base 4) in base 9?
2516325
Convert 772a (base 14) to base 5.
1124433
What is 309132 (base 10) in base 12?
12aa90
-1334413 (base 8) to base 5
-44000201
Convert -1011100122011 (base 3) to base 9.
-1140564
Convert 152787 (base 9) to base 8.
267406
Convert 368068 (base 16) to base 9.
6643544
What is 4e8011 (base 15) in base 3?
21002200221121
Convert 110001101001110100111 (base 2) to base 5.
404031142
Convert 12051775 (base 8) to base 9.
4867381
Convert -2464054 (base 8) to base 12.
-28a838
1070b85 (base 12) to base 4
23330312111
2513325 (base 7) to base 6
10531013
What is 10101121221112 (base 3) in base 2?
110111000010011110010
Convert -11110000001111110101 (base 2) to base 9.
-1758772
What is -b321 (base 15) in base 7?
-215203
Convert 113461 (base 8) to base 5.
2214310
-234814 (base 11) to base 7
-3110342
Convert -39a46 (base 11) to base 13.
-20031
Convert 1efbe (base 16) to base 14.
34370
What is -10000011110101101111 (base 2) in base 9?
-1012676
What is -316132 (base 8) in base 4?
-121301122
Convert -b003 (base 14) to base 6.
-351431
What is -137040 (base 8) in base 7?
-261621
What is 334441131 (base 5) in base 12?
5b68b8
What is -10011101000110110 (base 2) in base 6?
-1420222
Convert -562061 (base 9) to base 3.
-122002002001
-853238 (base 9) to base 6
-14513525
-10341020 (base 6) to base 16
-4b5c4
40648 (base 13) to base 12
5689a
77565 (base 8) to base 16
7f75
What is -1100011000011100 (base 2) in base 13?
-1a113
What is -102110010 (base 4) in base 14?
-1d4a0
Convert -324eb5 (base 15) to base 13.
-65b889
What is -1115277 (base 9) in base 13?
-1806a3
What is -3715816 (base 9) in base 13?
-5589cc
1904455 (base 10) to base 4
13100331013
What is -6695055 (base 10) in base 12?
-22aa553
What is 2a9e16 (base 16) in base 15?
3a283c
250331 (base 7) to base 15
d878
Convert -2064026 (base 7) to base 2.
-111101010011011000
Convert 7765150 (base 8) to base 12.
84a520
Convert -103065 (base 11) to base 6.
-3312231
234130 (base 7) to base 10
42259
-37365 (base 11) to base 12
-2708a
What is 1093856 (base 11) in base 14?
37966c
4328b (base 14) to base 9
266706
Convert 21115500 (base 7) to base 4.
12310000233
Convert 15f15f (base 16) to base 6.
50453343
Convert 353704 (base 8) to base 6.
2331044
What is 56318 (base 11) in base 3?
11010220020
Convert -100